 k = 23182 - 15223. What is the greatest common factor of k and 42?
21
Let d = -371 - -563. What is the highest common divisor of d and 948?
12
Suppose -5*z + 5*b - 9*b - 704 = 0, -4*b = -z - 136. Let o = -131 - z. Calculate the highest common factor of o and 3.
3
Suppose 4*d + 5 = -i - 4, -d - 11 = 2*i. Let o be (i + 144/27)/(2/36). Let u be ((-3)/(-1))/o - (-1336)/16. Calculate the greatest common divisor of 24 and u.
12
Let w = -5 - -18. Let j(o) = 19*o - 102. Let t(y) = -6*y + 34. Let h(q) = 3*j(q) + 8*t(q). Let f be h(11). Calculate the greatest common divisor of w and f.
13
Let k(c) = 2*c**3 + 69*c**2 + 35*c + 204. Let h be k(-34). Calculate the greatest common factor of h and 884.
34
Let s be (-3 + 306/4)*(-160)/(-24). Let b = -462 + s. What is the highest common factor of b and 644?
28
Suppose 5*o - 35 = -4*q, -12 + 19 = o - 4*q. Calculate the highest common divisor of 1190 and o.
7
Suppose -3*z - 21*w + 326 = -16*w, 4*z + w = 463. What is the highest common divisor of z and 441?
9
Let w = 17 + -13. Let p be w/18 + (-440)/(-45). Suppose p*g - 70 = 5*g. Calculate the greatest common divisor of 7 and g.
7
Let d(v) = -v**3 - 5*v**2 - v - 12. Let t be d(-6). Suppose -4*m = m - 0*m. Let q be 225/27*(9 - m/1). Calculate the greatest common divisor of q and t.
15
Let c(m) = m**3 + 21*m**2 - 2*m + 32. Let b be c(-20). Suppose b + 542 = 26*w. What is the highest common divisor of 117 and w?
39
Let g(x) = -3*x**2 - 54*x - 3. Suppose 5*t + 13 = -f + t, 5*t - 65 = 5*f. Let n be g(f). Calculate the greatest common divisor of n and 6.
6
Let w = 14 - -23. Let s = w + -21. Let i be 10*132/s*2. What is the highest common divisor of i and 33?
33
Let x be 13770/34 - (0 - 12). What is the greatest common divisor of 8201 and x?
139
Let z = 3161 - 3017. Calculate the highest common divisor of z and 1494.
18
Let n = 8186 + -8172. What is the greatest common factor of n and 14126?
14
Let b be 2 + (-24 + 10)/(-14). Calculate the highest common divisor of 1341 and b.
3
Suppose 2*q = -5*b + 400, b - 9*q - 93 = -12*q. Calculate the highest common divisor of 2626 and b.
26
Suppose -q + 129 = 975*j - 978*j, 4*j = q - 131. What is the greatest common factor of q and 164?
41
Suppose -36*p - 14*p + 980595 + 465105 = 0. Calculate the highest common factor of p and 122.
122
Let y(i) be the second derivative of i**5/20 + 5*i**4/3 - 11*i**3/6 - 100*i**2 - 12*i. Let r be y(-20). What is the greatest common factor of 620 and r?
20
Suppose -10*y + 49 + 134 = 83. What is the highest common divisor of 17890 and y?
10
Let a be (-27 - -19) + (-30)/(-1). Calculate the highest common factor of a and 2915.
11
Let s be 1392/80 + (-3)/(-5). Suppose -964 = -s*f + 2438. Calculate the greatest common divisor of 54 and f.
27
Suppose 2*a + 188*c - 185*c - 569 = 0, -1148 = -4*a + 4*c. Calculate the greatest common divisor of a and 26.
26
Let g be (-2)/(57/152 - 255/552). Suppose 0 = 5*m - 3*o - 3559, 3*m = -0*m - o + 2141. What is the highest common factor of g and m?
23
Suppose -7*c + 24 = 35*x - 39*x, 16 = -3*c + 5*x. Calculate the greatest common divisor of c and 17144.
8
Let t(v) = v**2 - 47*v - 4080. Let b be t(96). What is the highest common factor of b and 12?
12
Let c = -3580 + 3586. Calculate the greatest common divisor of 14 and c.
2
Let f = 7053 + -2234. Calculate the highest common factor of 61 and f.
61
Let z(a) = -2*a**2 - 33*a - 15. Let t be z(-14). Let l = -322 - -410. What is the highest common divisor of l and t?
11
Suppose 4*o + 10 = 9*o. Let y(u) = 6*u - 9. Let t be y(o). Suppose 153 = t*q - 3*f + 54, 2*f - 36 = -q. Calculate the highest common divisor of 51 and q.
17
Let y(p) = -p**3 - 12*p**2 - 14*p + 8. Let a be y(-10). Let o be 2/(-4) + a/(-8). Suppose -40 = -o*g + g. What is the greatest common divisor of g and 72?
8
Suppose 19 + 5 = 2*a. Suppose 0 = 22*t - 11*t - 5016. Let i = 468 - t. What is the greatest common factor of i and a?
12
Let z be (38/95)/((-2)/(-90)). Suppose -3*x + 8 = n, 0 = 13*x - z*x - 5. What is the highest common divisor of 187 and n?
11
Suppose 0 = 4*m - 85 - 267. Suppose -17*y - 380 = -567. Calculate the highest common factor of m and y.
11
Let f = 3 - -5. Suppose -10*k = -f*k - 96. Suppose -m + k = 5*m. What is the greatest common divisor of 64 and m?
8
Let h = -70 - -118. Suppose 26*q - 21*q = 70. Let u = q - -2. What is the greatest common factor of u and h?
16
Let g(u) = -9*u - 79. Let o(s) = 3*s + 26. Let i(y) = -4*g(y) - 11*o(y). Let v be i(-6). Suppose q = 3*q - 6. What is the greatest common divisor of v and q?
3
Let g(r) = 6*r**2 - 14*r. Let k be g(4). Suppose -2*i = -4*z + k, 2*z - 3*i - 28 = -4. Calculate the greatest common divisor of z and 3.
3
Let b(l) = -831*l - l**3 + 834*l + 0*l**3 - l**2 + 12. Let z be b(0). What is the greatest common factor of z and 10?
2
Suppose 4*m + 109 = 725. Suppose 52 + 4 = -45*u + 49*u. What is the highest common divisor of u and m?
14
Let z(f) = -22*f - 96. Let q be z(6). Let n be q/(-57) + 14*4. What is the greatest common divisor of n and 60?
60
Let j be 3/6*374 - 3. Let b = -15879 + 15895. What is the greatest common factor of b and j?
8
Let z(i) = 7*i**2 - 10*i - 25. Let h be z(-9). Suppose -4*t + h - 72 = 0. What is the highest common factor of 4 and t?
4
Let u(i) be the second derivative of -313*i**3/6 - i**2/2 + 30*i + 1. Let m be u(-1). What is the greatest common factor of 26 and m?
26
Let c be (4 - 14/4) + (-2034)/(-12). Suppose 0 = -5*m + q + c, 170 = -0*m + 5*m + 5*q. Let s = 320 - 150. Calculate the highest common divisor of m and s.
34
Let p be 4 + -8 - (-12)/2. Let j = 44 + -43. Suppose 20 = -f + 6*f - p*u, 0 = 3*f + u - j. Calculate the greatest common factor of 10 and f.
2
Suppose -5*t = 2*p - 857, 365*p - 2*t = 363*p + 822. Calculate the greatest common divisor of 112 and p.
16
Let f be (-1 - -16) + (-7)/((-14)/(-10)). Suppose -f*a - 10 = -60. What is the greatest common factor of a and 5?
5
Suppose -2*u + 1953 = 46*g - 41*g, 3*u + 2*g - 2946 = 0. What is the highest common factor of 7134 and u?
246
Let a = 21023 - 20836. Calculate the greatest common divisor of 616 and a.
11
Suppose 4*m = 5*m + 4*n + 26, 2*n + 16 = -m. Let f be 9/18 + m*63/(-12). What is the highest common divisor of f and 56?
8
Let m = 26 + -29. Let s = 19 + m. Suppose -8 = -2*l + s. What is the highest common divisor of 18 and l?
6
Suppose 0 = 16*c - 14*c - 274. What is the highest common divisor of c and 8357?
137
Let s(w) = -30*w + 63. Let m(g) = 8*g - 319. Let u be m(40). Let k be s(u). Calculate the highest common divisor of k and 1485.
33
Let a(l) = 20*l**2 - 214*l + 809. Let r be a(4). What is the greatest common divisor of r and 195?
39
Suppose 0 = 10*s + 6*s - 2464. Suppose 42 = 7*f - s. Calculate the greatest common divisor of f and 756.
28
Let g = 55 - 50. Suppose 26 = -g*l - 4. Let w be (-6 - -12)*(1 + (-3)/l). What is the greatest common factor of w and 18?
9
Suppose 4*n - 4*j - 372 = 0, 275*n - 3*j + 273 = 278*n. What is the highest common factor of 1886 and n?
46
Suppose -3*l + g = -34913, -132*g - 58172 = -5*l - 128*g. What is the highest common divisor of 180 and l?
60
Let b(n) = -53*n**2 - 546*n - 16. Let g be b(-10). Calculate the highest common factor of g and 279.
9
Let r be 4/10 + (-832)/80. Let j(o) = -4*o + 35. Let i be j(r). What is the highest common factor of 60 and i?
15
Let w(r) = 5*r + 6. Let c be w(-1). Let d be c*-1 + (43 - 4) + 7. What is the greatest common divisor of d and 30?
15
Let p(z) = -9*z + 21*z**2 - 22*z**2 + 1 + 3. Let a be p(-9). Suppose a*y = 3*f - 0*f - 209, 2*y = -10. What is the highest common factor of f and 42?
21
Let n be 24/(-132) - 48/(-22). Suppose 2*x - 5*d - 26 - 72 = 0, 0 = -n*x + 4*d + 94. Let f = 1 - -2. Calculate the highest common factor of x and f.
3
Let z(k) = 9*k**2 - 7*k - 10. Let u be z(-5). Let f(s) = s**3 + 37*s**2 - s - 27. Let p be f(-37). Calculate the greatest common divisor of u and p.
10
Suppose -7023 = -4*t - 3*q, 2251 = 4*t - 5*q - 4732. What is the greatest common divisor of 24 and t?
24
Suppose -5 = d - 0, 2*d + 181 = 3*x. Suppose -23*t = -24*t + x. Suppose 0 = 7*c - 48 - t. Calculate the greatest common divisor of c and 135.
15
Let u be 1*610/61*29/2. What is the highest common divisor of u and 1537?
29
Let i be 2254/253 - (-3)/